{"id":61,"date":"2020-12-04T12:00:30","date_gmt":"2020-12-04T12:00:30","guid":{"rendered":"http:\/\/lacmed.icpm.tuiasi.ro\/?page_id=61"},"modified":"2023-03-28T06:38:19","modified_gmt":"2023-03-28T06:38:19","slug":"managementul-calitatii","status":"publish","type":"page","link":"https:\/\/www.lacmed.icpm.tuiasi.ro\/?page_id=61","title":{"rendered":"Managementul Calitatii"},"content":{"rendered":"<p>Laboratorul LACMED are drept obiectiv de a efectua activit\u0103\u0163i specifice de analiza si control a factorilor de mediu, astfel \u00eenc\u00e2t s\u0103 se \u00eendeplineasc\u0103 cerin\u0163ele SR EN ISO\/ CEI 17025: 2005 \u015fi s\u0103 satisfac\u0103 cerintele colaboratorilor externi (clientilor), ale autorit\u0103\u0163ilor de reglementare sau a altor organizatii care ii acord\u0103 recunoa\u015ftere.<\/p>\n<p><strong>Obiectivele principale ale laboratorului LACMED privind calitatea<\/strong>\u00a0sunt:<\/p>\n<ul>\n<li>Realizarea analizelor \u00een conformitate cu metodele de analiz\u0103 specifice, cu cerin\u0163ele de reglementare precum si cu cerin\u0163ele clien\u0163ilor;<\/li>\n<li>Asigurarea calitatii rezultatelor prin planificarea si implementarea nivelurilor adecvate de control a metodelor de analiza si a rezultatelor, precum si prin validarea metodelor de analiza;<\/li>\n<li>Men\u0163inerea competen\u0163ei laboratorului prin participarea la scheme de comparare interlaboratoare na\u0163ionale \u015fi interna\u0163ionale;<\/li>\n<li>Mentinerea competen\u0163ei personalului prin participarea la instruiri periodice si traininguri de specialitate.<\/li>\n<\/ul>\n<p>Toate activitatile care au loc in cadrul Laboratorului LACMED se desfasoara in cadrul unui sistem de management al calitatii care este orientat catre satisfacerea cerintelor clientilor precum si pentru a raspunde cerintelor specifice standardului SR EN ISO CEI 17025:2005.<br \/>\n<a href=\"https:\/\/www.lacmed.icpm.tuiasi.ro\/wp-content\/uploads\/CA_LI_1054_LACMED_18.03.2023.pdf\">Descarcati aici Certificatul de acreditare<\/a>.<\/p>\n","protected":false},"excerpt":{"rendered":"<p>Laboratorul LACMED are drept obiectiv de a efectua activit\u0103\u0163i specifice de analiza si control a factorilor de mediu, astfel \u00eenc\u00e2t s\u0103 se \u00eendeplineasc\u0103 cerin\u0163ele SR EN ISO\/ CEI 17025: 2005 \u015fi s\u0103 satisfac\u0103 cerintele colaboratorilor externi (clientilor), ale autorit\u0103\u0163ilor de reglementare sau a altor organizatii care ii acord\u0103 recunoa\u015ftere. Obiectivele principale ale laboratorului LACMED privind &hellip; <a href=\"https:\/\/www.lacmed.icpm.tuiasi.ro\/?page_id=61\" class=\"more-link\">Continue reading<span class=\"screen-reader-text\"> &#8220;Managementul Calitatii&#8221;<\/span><\/a><\/p>\n","protected":false},"author":2,"featured_media":0,"parent":0,"menu_order":0,"comment_status":"closed","ping_status":"closed","template":"","meta":[],"_links":{"self":[{"href":"https:\/\/www.lacmed.icpm.tuiasi.ro\/index.php?rest_route=\/wp\/v2\/pages\/61"}],"collection":[{"href":"https:\/\/www.lacmed.icpm.tuiasi.ro\/index.php?rest_route=\/wp\/v2\/pages"}],"about":[{"href":"https:\/\/www.lacmed.icpm.tuiasi.ro\/index.php?rest_route=\/wp\/v2\/types\/page"}],"author":[{"embeddable":true,"href":"https:\/\/www.lacmed.icpm.tuiasi.ro\/index.php?rest_route=\/wp\/v2\/users\/2"}],"replies":[{"embeddable":true,"href":"https:\/\/www.lacmed.icpm.tuiasi.ro\/index.php?rest_route=%2Fwp%2Fv2%2Fcomments&post=61"}],"version-history":[{"count":5,"href":"https:\/\/www.lacmed.icpm.tuiasi.ro\/index.php?rest_route=\/wp\/v2\/pages\/61\/revisions"}],"predecessor-version":[{"id":426,"href":"https:\/\/www.lacmed.icpm.tuiasi.ro\/index.php?rest_route=\/wp\/v2\/pages\/61\/revisions\/426"}],"wp:attachment":[{"href":"https:\/\/www.lacmed.icpm.tuiasi.ro\/index.php?rest_route=%2Fwp%2Fv2%2Fmedia&parent=61"}],"curies":[{"name":"wp","href":"https:\/\/api.w.org\/{rel}","templated":true}]}}