{"id":43,"date":"2020-12-04T12:01:38","date_gmt":"2020-12-04T12:01:38","guid":{"rendered":"http:\/\/lacmed.icpm.tuiasi.ro\/?page_id=43"},"modified":"2020-12-08T07:06:17","modified_gmt":"2020-12-08T07:06:17","slug":"poluanti-organici-prioritari-si-metale-grele","status":"publish","type":"page","link":"https:\/\/www.lacmed.icpm.tuiasi.ro\/?page_id=43","title":{"rendered":"Poluanti organici prioritari si metale grele"},"content":{"rendered":"<p>Laboratorul LACMED Efectueaza analize pentru urmatorii poluanti prioritari\u00a0<a href=\"http:\/\/lacmed.icpm.tuiasi.ro\/wp-content\/uploads\/LACMED_Lista_analize.pdf\" target=\"_blank\" download >(download pdf)<\/a>:<\/p>\n<p>Poluanti prioritari organici<\/p>\n<table width=\"604\">\n<tbody>\n<tr>\n<td width=\"57\"><strong>Nr crt.<\/strong><\/td>\n<td width=\"252\"><strong>Indicator<\/strong><\/td>\n<td width=\"340\"><strong>Metoda \/ Observatii<\/strong><\/td>\n<\/tr>\n<tr>\n<td width=\"57\">1<\/td>\n<td width=\"252\">Benzen<\/td>\n<td width=\"340\">SR ISO 11423-1:2000 Calitatea apei. Determinarea con\u0163inutului de benzen \u015fi a unor deriva\u0163i benzenici. Partea 1: Metoda head-space prin cromatografie \u00een faz\u0103 gazoas\u0103<\/p>\n<p>&nbsp;<\/p>\n<p>SR ISO 11423-2:2000 Calitatea apei. Determinarea con\u0163inutului de benzen \u015fi a unor deriva\u0163i benzenici. Partea 2: Metoda prin extrac\u0163ie \u015fi cromatografie \u00een faz\u0103 gazoas\u0103<\/td>\n<\/tr>\n<tr>\n<td width=\"57\">2<\/td>\n<td width=\"252\">Benz(a)piren<\/td>\n<td width=\"340\">SR EN ISO 9377-2:2002 Calitatea apei. Determinarea indicelui de hidrocarburi. Partea 2: Metoda prin extrac\u0163ie \u00een solvent \u015fi cromatografie \u00een faz\u0103 gazoas\u0103<\/td>\n<\/tr>\n<tr>\n<td width=\"57\">3<\/td>\n<td width=\"252\">Clorur\u0103 de vinil<\/td>\n<td width=\"340\">Metoda EPA 501.2-1990<\/td>\n<\/tr>\n<tr>\n<td width=\"57\">4<\/td>\n<td width=\"252\">1,2 Dicloretan<\/td>\n<td width=\"340\">Metoda EPA 501.2-1990<\/td>\n<\/tr>\n<tr>\n<td width=\"57\">5<\/td>\n<td width=\"252\">Epiclorhidrin\u0103<\/td>\n<td width=\"340\">Metoda aparatului de gaz cromatografie cuplata cu spectrometrie de masa GC-MS<\/td>\n<\/tr>\n<tr>\n<td width=\"57\">6<\/td>\n<td width=\"252\">Hidrocarburi policiclice aromatice (PAH)<\/td>\n<td width=\"340\">SR EN ISO 9377-2:2002 Calitatea apei. Determinarea indicelui de hidrocarburi. Partea 2: Metoda prin extrac\u0163ie \u00een solvent \u015fi cromatografie \u00een faz\u0103 gazoas\u0103<\/td>\n<\/tr>\n<tr>\n<td width=\"57\">7<\/td>\n<td width=\"252\">Pesticide organo-clorurate<\/td>\n<td width=\"340\">SR EN ISO 6468:2000 Calitatea apei. Determinarea unor insecticide organoclorurate, bifenili policlorurati \u015fi clorobenzeni. Metoda prin cromatografie \u00een faz\u0103 gazoas\u0103 dup\u0103 extrac\u0163ie lichid-lichid<\/td>\n<\/tr>\n<tr>\n<td width=\"57\">8<\/td>\n<td width=\"252\">Pesticide totale<\/td>\n<td width=\"340\">Metoda aparatului de gaz cromatografie cuplata cu spectrometrie de masa GC-MS<\/td>\n<\/tr>\n<tr>\n<td width=\"57\">9<\/td>\n<td width=\"252\">Tetracloretena \u015fi Tricloreten\u0103 (suma concentra\u0163iilor compu\u015filor specifica\u0163i)<\/td>\n<td width=\"340\">Metoda EPA 501.2-1990<\/td>\n<\/tr>\n<tr>\n<td width=\"57\">10<\/td>\n<td width=\"252\">Trihalometani Total<\/td>\n<td width=\"340\">SR EN ISO 10301:2003 Calitatea apei. Determinarea con\u0163inutului de hidrocarburi halogenate foarte volatile. Metode prin cromatografie \u00een faz\u0103 gazoas\u0103<\/td>\n<\/tr>\n<tr>\n<td width=\"57\">11<\/td>\n<td width=\"252\">Tetraclorura de carbon<\/td>\n<td width=\"340\">Metoda EPA 551\/1990<\/td>\n<\/tr>\n<\/tbody>\n<\/table>\n<p><a href=\"#top\"><strong>Go to top<\/strong><\/a><\/p>\n<p>Poluanti prioritari anorganici \u2013 metale grele<\/p>\n<table width=\"604\">\n<thead>\n<tr>\n<td width=\"54\"><strong>Nr crt<\/strong><\/td>\n<td width=\"255\"><strong>Indicator<\/strong><\/td>\n<td width=\"340\"><strong>Metoda \/ Observatii<\/strong><\/td>\n<\/tr>\n<\/thead>\n<tbody>\n<tr>\n<td width=\"54\">1<\/td>\n<td width=\"255\">Aluminiu<\/td>\n<td width=\"340\">Metoda aparatului de absorbtie atomica Buck Scientific, model 210 VGB<\/td>\n<\/tr>\n<tr>\n<td width=\"54\">2<\/td>\n<td width=\"255\">Argint<\/td>\n<td width=\"340\">Metoda aparatului de absorbtie atomica Buck Scientific, model 210 VGB<\/td>\n<\/tr>\n<tr>\n<td width=\"54\">3<\/td>\n<td width=\"255\">Cadmiu<\/td>\n<td width=\"340\">SR ISO8288:2001 Calitatea apei. Determinarea con\u0163inutului de cobalt, nichel, cupru, zinc, cadmiu \u015fi plumb. Metoda prin spectrometrie de absorb\u0163ie atomic\u0103 \u00een flac\u0103r\u0103<\/p>\n<p>Metoda aparatului de absorbtie atomica Buck Scientific, model 210 VGB<\/td>\n<\/tr>\n<tr>\n<td width=\"54\">4<\/td>\n<td width=\"255\">Cianuri totale<\/td>\n<td width=\"340\">Metoda electrochimica a aparatului Consort C863<\/td>\n<\/tr>\n<tr>\n<td width=\"54\">5<\/td>\n<td width=\"255\">Crom total<\/td>\n<td width=\"340\">Metoda aparatului de absorbtie atomica Buck Scientific, model 210 VGB<\/td>\n<\/tr>\n<tr>\n<td width=\"54\">6<\/td>\n<td width=\"255\">Cobalt<\/td>\n<td width=\"340\">SR ISO8288:2001 Calitatea apei. Determinarea con\u0163inutului de cobalt, nichel, cupru, zinc, cadmiu \u015fi plumb. Metoda prin spectrometrie de absorb\u0163ie atomic\u0103 \u00een flac\u0103r\u0103<\/p>\n<p>Metoda aparatului de absorbtie atomica Buck Scientific, model 210 VGB<\/td>\n<\/tr>\n<tr>\n<td width=\"54\">7<\/td>\n<td width=\"255\">Cupru<\/td>\n<td width=\"340\">SR ISO8288:2001 Calitatea apei. Determinarea con\u0163inutului de cobalt, nichel, cupru, zinc, cadmiu \u015fi plumb. Metoda prin spectrometrie de absorb\u0163ie atomic\u0103 \u00een flac\u0103r\u0103<\/p>\n<p>Metoda aparatului de absorbtie atomica Buck Scientific, model 210 VGB<\/td>\n<\/tr>\n<tr>\n<td width=\"54\">8<\/td>\n<td width=\"255\">Fier total<\/td>\n<td width=\"340\">SR 13315:1996\/C91:2008 Calitatea apei. Determinarea con\u0163inutului de fier. Metoda spectrometric\u0103 de absorb\u0163ie atomica,<\/p>\n<p>Metoda aparatului de absorbtie atomica Buck Scientific, model 210 VGB<\/td>\n<\/tr>\n<tr>\n<td width=\"54\">9<\/td>\n<td width=\"255\">Mangan total<\/td>\n<td width=\"340\">Metoda aparatului de absorbtie atomica Buck Scientific, model 210 VGB<\/td>\n<\/tr>\n<tr>\n<td width=\"54\">10<\/td>\n<td width=\"255\">Mercur<\/td>\n<td width=\"340\">Metoda aparatului de absorbtie atomica Buck Scientific, model 210 VGB<\/td>\n<\/tr>\n<tr>\n<td width=\"54\">11<\/td>\n<td width=\"255\">Molibden<\/td>\n<td width=\"340\">Metoda aparatului de absorbtie atomica Buck Scientific, model 210 VGB<\/td>\n<\/tr>\n<tr>\n<td width=\"54\">12<\/td>\n<td width=\"255\">Nichel<\/td>\n<td width=\"340\">SR ISO8288:2001 Calitatea apei. Determinarea con\u0163inutului de cobalt, nichel, cupru, zinc, cadmiu \u015fi plumb. Metoda prin spectrometrie de absorb\u0163ie atomic\u0103 \u00een flac\u0103r\u0103<\/p>\n<p>Metoda aparatului de absorbtie atomica Buck Scientific, model 210 VGB<\/td>\n<\/tr>\n<tr>\n<td width=\"54\">13<\/td>\n<td width=\"255\">Plumb<\/td>\n<td width=\"340\">SR ISO8288:2001 Calitatea apei. Determinarea con\u0163inutului de cobalt, nichel, cupru, zinc, cadmiu \u015fi plumb. Metoda prin spectrometrie de absorb\u0163ie atomic\u0103 \u00een flac\u0103r\u0103<\/p>\n<p>Metoda aparatului de absorbtie atomica Buck Scientific, model 210 VGB<\/td>\n<\/tr>\n<tr>\n<td width=\"54\">14<\/td>\n<td width=\"255\">Seleniu<\/td>\n<td width=\"340\">Metoda aparatului de absorbtie atomica Buck Scientific, model 210 VGB<\/td>\n<\/tr>\n<tr>\n<td width=\"54\">15<\/td>\n<td width=\"255\">Zinc<\/td>\n<td width=\"340\">SR ISO8288:2001 Calitatea apei. Determinarea con\u0163inutului de cobalt, nichel, cupru, zinc, cadmiu \u015fi plumb. Metoda prin spectrometrie de absorb\u0163ie atomic\u0103 \u00een flac\u0103r\u0103<\/p>\n<p>Metoda aparatului de absorbtie atomica Buck Scientific, model 210 VGB<\/td>\n<\/tr>\n<\/tbody>\n<\/table>\n<p><a href=\"#top\"><strong>Go to top<\/strong><\/a><\/p>\n","protected":false},"excerpt":{"rendered":"<p>Laboratorul LACMED Efectueaza analize pentru urmatorii poluanti prioritari\u00a0(download pdf): Poluanti prioritari organici Nr crt. Indicator Metoda \/ Observatii 1 Benzen SR ISO 11423-1:2000 Calitatea apei. Determinarea con\u0163inutului de benzen \u015fi a unor deriva\u0163i benzenici. Partea 1: Metoda head-space prin cromatografie \u00een faz\u0103 gazoas\u0103 &nbsp; SR ISO 11423-2:2000 Calitatea apei. Determinarea con\u0163inutului de benzen \u015fi a &hellip; <a href=\"https:\/\/www.lacmed.icpm.tuiasi.ro\/?page_id=43\" class=\"more-link\">Continue reading<span class=\"screen-reader-text\"> &#8220;Poluanti organici prioritari si metale grele&#8221;<\/span><\/a><\/p>\n","protected":false},"author":2,"featured_media":0,"parent":25,"menu_order":3,"comment_status":"closed","ping_status":"closed","template":"","meta":[],"_links":{"self":[{"href":"https:\/\/www.lacmed.icpm.tuiasi.ro\/index.php?rest_route=\/wp\/v2\/pages\/43"}],"collection":[{"href":"https:\/\/www.lacmed.icpm.tuiasi.ro\/index.php?rest_route=\/wp\/v2\/pages"}],"about":[{"href":"https:\/\/www.lacmed.icpm.tuiasi.ro\/index.php?rest_route=\/wp\/v2\/types\/page"}],"author":[{"embeddable":true,"href":"https:\/\/www.lacmed.icpm.tuiasi.ro\/index.php?rest_route=\/wp\/v2\/users\/2"}],"replies":[{"embeddable":true,"href":"https:\/\/www.lacmed.icpm.tuiasi.ro\/index.php?rest_route=%2Fwp%2Fv2%2Fcomments&post=43"}],"version-history":[{"count":4,"href":"https:\/\/www.lacmed.icpm.tuiasi.ro\/index.php?rest_route=\/wp\/v2\/pages\/43\/revisions"}],"predecessor-version":[{"id":371,"href":"https:\/\/www.lacmed.icpm.tuiasi.ro\/index.php?rest_route=\/wp\/v2\/pages\/43\/revisions\/371"}],"up":[{"embeddable":true,"href":"https:\/\/www.lacmed.icpm.tuiasi.ro\/index.php?rest_route=\/wp\/v2\/pages\/25"}],"wp:attachment":[{"href":"https:\/\/www.lacmed.icpm.tuiasi.ro\/index.php?rest_route=%2Fwp%2Fv2%2Fmedia&parent=43"}],"curies":[{"name":"wp","href":"https:\/\/api.w.org\/{rel}","templated":true}]}}